{"id":632,"date":"2025-06-30T15:15:56","date_gmt":"2025-06-30T15:15:56","guid":{"rendered":"http:\/\/www.caime.es\/?page_id=632"},"modified":"2025-07-23T09:21:40","modified_gmt":"2025-07-23T09:21:40","slug":"quienes-somos","status":"publish","type":"page","link":"http:\/\/www.caime.es\/index.php\/quienes-somos\/","title":{"rendered":"\u00bfQui\u00e9nes somos?"},"content":{"rendered":"\n<p><br><\/p>\n\n\n\n<div class=\"wp-block-group has-gradient-twentyone-gradient-background has-background is-layout-constrained wp-block-group-is-layout-constrained\">\n<div style=\"height:19px\" aria-hidden=\"true\" class=\"wp-block-spacer\"><\/div>\n\n\n\n<h2 class=\"wp-block-heading has-text-align-center has-light-color-color has-text-color has-link-color wp-elements-f699b6813fd311ded9993f98027c2f8a\">\u00bfQui\u00e9nes somos?<\/h2>\n\n\n\n<p class=\"has-light-color-color has-text-color has-link-color wp-elements-98964fcfc9232feb0e86ca4ddab54975\"><br><strong>CAIME S.L.<\/strong> es una empresa especializada en soluciones de automatizaci\u00f3n industrial. Fundada en 2003, contamos con una amplia experiencia en el dise\u00f1o, fabricaci\u00f3n, montaje e instalaci\u00f3n de sistemas industriales llave en mano. Desde nuestras instalaciones en Arroyomolinos (Madrid), damos servicio a sectores tan exigentes como la automoci\u00f3n, la log\u00edstica, la alimentaci\u00f3n o los bienes de consumo.<\/p>\n\n\n\n<div style=\"height:2px\" aria-hidden=\"true\" class=\"wp-block-spacer\"><\/div>\n\n\n\n<h3 class=\"wp-block-heading has-text-align-center has-light-color-color has-text-color has-link-color wp-elements-7790a21ea9440ece55e564911ede0242\">Nuestra misi\u00f3n<\/h3>\n\n\n\n<p class=\"has-light-color-color has-text-color has-link-color wp-elements-e092b4f400f748c89c150148dc8e753b\">Ofrecemos soluciones integrales que combinan <strong>ingenier\u00eda mec\u00e1nica, el\u00e9ctrica y de software<\/strong>, garantizando proyectos a medida, eficientes y alineados con las normativas europeas m\u00e1s exigentes. Nuestro objetivo es optimizar los procesos de producci\u00f3n de nuestros clientes mediante tecnolog\u00eda robusta, segura y personalizada.<\/p>\n\n\n\n<div style=\"height:59px\" aria-hidden=\"true\" class=\"wp-block-spacer\"><\/div>\n\n\n\n<div class=\"wp-block-columns alignwide is-layout-flex wp-container-core-columns-is-layout-e0e4babd wp-block-columns-is-layout-flex\" style=\"padding-right:0;padding-left:0\">\n<div class=\"wp-block-column is-layout-flow wp-block-column-is-layout-flow\" style=\"padding-right:var(--wp--preset--spacing--80);padding-left:var(--wp--preset--spacing--50)\">\n<h3 class=\"wp-block-heading has-text-align-center has-light-color-color has-text-color has-link-color wp-elements-e56a750c2adb3544584e7f2f60dfff91\">Qu\u00e9 hacemos<\/h3>\n\n\n\n<p class=\"has-light-color-color has-text-color has-link-color wp-elements-ddcd78570db33479dd0213e6639b5ef6\">En CAIME desarrollamos desde cero proyectos de automatizaci\u00f3n industrial que incluyen:<\/p>\n\n\n\n<ul class=\"wp-block-list\">\n<li class=\"has-light-color-color has-text-color has-link-color wp-elements-f7c31bb9132f3ec460b51f12d90471ff\"><strong>Dise\u00f1o y fabricaci\u00f3n de m\u00e1quinas especiales<\/strong> y sistemas de manutenci\u00f3n: transportadores, elevadores, mesas de giro, etc.<\/li>\n\n\n\n<li class=\"has-light-color-color has-text-color has-link-color wp-elements-ff54bd5e38adc23b429a313e277e387e\"><strong>Montaje de c\u00e9lulas robotizadas<\/strong>, incluyendo pedestales, garras, perif\u00e9ricos y elementos de seguridad.<\/li>\n\n\n\n<li class=\"has-light-color-color has-text-color has-link-color wp-elements-1a89b30910b6c68cea7c232ca774f26f\"><strong>Instalaciones en entornos de temperatura controlada<\/strong>, como c\u00e1maras frigor\u00edficas de hasta -25\u202f\u00b0C.<\/li>\n\n\n\n<li class=\"has-light-color-color has-text-color has-link-color wp-elements-11efa1b649ac9c0b8bdc8d4466903910\"><strong>Estructuras industriales<\/strong>: plataformas, escaleras, resguardos de seguridad y barreras con muting.<\/li>\n\n\n\n<li class=\"has-light-color-color has-text-color has-link-color wp-elements-b32f940849a784cf61273f3f0ab1e4ab\"><strong>Adecuaci\u00f3n de instalaciones<\/strong> conforme al RD 1215\/1997 y elaboraci\u00f3n del marcado CE.<\/li>\n\n\n\n<li class=\"has-light-color-color has-text-color has-link-color wp-elements-6e1b373dedf19e0ec6c2bb5d38d6f715\"><strong>Ingenier\u00eda el\u00e9ctrica<\/strong>: dise\u00f1o de armarios de potencia y control, programaci\u00f3n de PLC, HMI y SCADA.<\/li>\n\n\n\n<li class=\"has-light-color-color has-text-color has-link-color wp-elements-7b62235900d9f87698ea5df885fbb2ea\"><strong>Proyectos de retrofitting y modernizaci\u00f3n<\/strong> de instalaciones industriales existentes.<\/li>\n<\/ul>\n\n\n\n<p class=\"has-light-color-color has-text-color has-link-color wp-elements-0571b5e9f13bff2026efa805c21b137d\">Adem\u00e1s, contamos con los recursos necesarios para realizar operaciones de <strong>corte l\u00e1ser, plegado, soldadura y mecanizado<\/strong>, trabajando con aceros, pl\u00e1sticos t\u00e9cnicos y componentes neum\u00e1ticos, hidr\u00e1ulicos o el\u00e9ctricos.<\/p>\n<\/div>\n\n\n\n<div class=\"wp-block-column is-layout-flow wp-block-column-is-layout-flow\" style=\"padding-right:var(--wp--preset--spacing--50);padding-left:var(--wp--preset--spacing--80)\">\n<h3 class=\"wp-block-heading has-text-align-center has-light-color-color has-text-color has-link-color wp-elements-dec33f02d8a78ea606c3d8147418a6fa\">Nuestro equipo<\/h3>\n\n\n\n<p class=\"has-text-align-center has-light-color-color has-text-color has-link-color wp-elements-604207e8791d3e9eab829bbc982a9d72\"><br>Nuestra organizaci\u00f3n est\u00e1 estructurada en departamentos t\u00e9cnicos especializados: mec\u00e1nica, electricidad, software, mantenimiento, producci\u00f3n y gesti\u00f3n de proyectos. Este enfoque multidisciplinar nos permite afrontar cualquier reto con solvencia, agilidad y rigor t\u00e9cnico.<\/p>\n\n\n\n<div style=\"height:21px\" aria-hidden=\"true\" class=\"wp-block-spacer\"><\/div>\n\n\n\n<figure class=\"wp-block-image aligncenter size-large is-resized\"><img loading=\"lazy\" decoding=\"async\" width=\"970\" height=\"1024\" src=\"http:\/\/www.caime.es\/wp-content\/uploads\/2025\/06\/Sin-titulo-1-e1751296506575-970x1024.png\" alt=\"\" class=\"wp-image-634\" style=\"width:204px;height:auto\" srcset=\"http:\/\/www.caime.es\/wp-content\/uploads\/2025\/06\/Sin-titulo-1-e1751296506575-970x1024.png 970w, http:\/\/www.caime.es\/wp-content\/uploads\/2025\/06\/Sin-titulo-1-e1751296506575-284x300.png 284w, http:\/\/www.caime.es\/wp-content\/uploads\/2025\/06\/Sin-titulo-1-e1751296506575-768x811.png 768w, http:\/\/www.caime.es\/wp-content\/uploads\/2025\/06\/Sin-titulo-1-e1751296506575.png 1110w\" sizes=\"auto, (max-width: 970px) 100vw, 970px\" \/><\/figure>\n<\/div>\n<\/div>\n\n\n\n<div style=\"height:72px\" aria-hidden=\"true\" class=\"wp-block-spacer\"><\/div>\n\n\n\n<h3 class=\"wp-block-heading has-text-align-center has-light-color-color has-text-color has-link-color wp-elements-acf85e6e382c3e5072d5bfa723f4faa5\">Compromiso y calidad<\/h3>\n\n\n\n<p class=\"has-light-color-color has-text-color has-link-color wp-elements-81ca2ae785bd54320a46af08837f9b3b\"><strong>En CAIME trabajamos con un firme compromiso hacia la calidad, la seguridad y el respeto por el medio ambiente.<\/strong> Aplicamos criterios t\u00e9cnicos rigurosos y cumplimos con toda la normativa vigente, garantizando que cada soluci\u00f3n sea fiable, segura y adaptada a las necesidades del cliente.<\/p>\n\n\n\n<div style=\"height:113px\" aria-hidden=\"true\" class=\"wp-block-spacer\"><\/div>\n<\/div>\n\n\n\n<p><\/p>\n","protected":false},"excerpt":{"rendered":"<p>\u00bfQui\u00e9nes somos? CAIME S.L. es una empresa especializada en soluciones de automatizaci\u00f3n industrial. Fundada en 2003, contamos con una amplia experiencia en el dise\u00f1o, fabricaci\u00f3n, montaje e instalaci\u00f3n de sistemas industriales llave en mano. Desde nuestras instalaciones en Arroyomolinos (Madrid), damos servicio a sectores tan exigentes como la automoci\u00f3n, la log\u00edstica, la alimentaci\u00f3n o los&#8230;<\/p>\n","protected":false},"author":1,"featured_media":0,"parent":0,"menu_order":0,"comment_status":"closed","ping_status":"closed","template":"","meta":{"footnotes":""},"class_list":["post-632","page","type-page","status-publish","hentry"],"yoast_head":"<!-- This site is optimized with the Yoast SEO plugin v14.4.1 - https:\/\/yoast.com\/wordpress\/plugins\/seo\/ -->\n<meta name=\"description\" content=\"\u00bfQui\u00e9nes somos? CAIME S.L. es una empresa especializada en soluciones de automatizaci\u00f3n industrial. Fundada en 2003, contamos con una amplia experiencia en el dise\u00f1o, fabricaci\u00f3n, montaje e instalaci\u00f3n de sistemas industriales llave en mano. Desde nuestras instalaciones en Arroyomolinos (Madrid), damos servicio a sectores tan exigentes como la automoci\u00f3n, la log\u00edstica, la alimentaci\u00f3n o los...\" \/>\n<meta name=\"robots\" content=\"index, follow\" \/>\n<meta name=\"googlebot\" content=\"index, follow, max-snippet:-1, max-image-preview:large, max-video-preview:-1\" \/>\n<meta name=\"bingbot\" content=\"index, follow, max-snippet:-1, max-image-preview:large, max-video-preview:-1\" \/>\n<link rel=\"canonical\" href=\"http:\/\/www.caime.es\/index.php\/quienes-somos\/\" \/>\n<meta property=\"og:locale\" content=\"en_US\" \/>\n<meta property=\"og:type\" content=\"article\" \/>\n<meta property=\"og:title\" content=\"\u00bfQui\u00e9nes somos? - CAIME\" \/>\n<meta property=\"og:description\" content=\"\u00bfQui\u00e9nes somos? CAIME S.L. es una empresa especializada en soluciones de automatizaci\u00f3n industrial. Fundada en 2003, contamos con una amplia experiencia en el dise\u00f1o, fabricaci\u00f3n, montaje e instalaci\u00f3n de sistemas industriales llave en mano. Desde nuestras instalaciones en Arroyomolinos (Madrid), damos servicio a sectores tan exigentes como la automoci\u00f3n, la log\u00edstica, la alimentaci\u00f3n o los...\" \/>\n<meta property=\"og:url\" content=\"http:\/\/www.caime.es\/index.php\/quienes-somos\/\" \/>\n<meta property=\"og:site_name\" content=\"CAIME\" \/>\n<meta property=\"article:modified_time\" content=\"2025-07-23T09:21:40+00:00\" \/>\n<meta property=\"og:image\" content=\"http:\/\/www.caime.es\/wp-content\/uploads\/2025\/06\/Sin-titulo-1-e1751296506575-970x1024.png\" \/>\n<meta name=\"twitter:card\" content=\"summary_large_image\" \/>\n<script type=\"application\/ld+json\" class=\"yoast-schema-graph\">{\"@context\":\"https:\/\/schema.org\",\"@graph\":[{\"@type\":\"WebSite\",\"@id\":\"http:\/\/www.caime.es\/#website\",\"url\":\"http:\/\/www.caime.es\/\",\"name\":\"CAIME\",\"description\":\"Ayudamos a automatizar y mejorar la eficiencia operativa mediante soluciones que optimizan los procesos y el manejo de datos en tiempo real.\",\"potentialAction\":[{\"@type\":\"SearchAction\",\"target\":\"http:\/\/www.caime.es\/?s={search_term_string}\",\"query-input\":\"required name=search_term_string\"}],\"inLanguage\":\"en-US\"},{\"@type\":\"ImageObject\",\"@id\":\"http:\/\/www.caime.es\/index.php\/quienes-somos\/#primaryimage\",\"inLanguage\":\"en-US\",\"url\":\"http:\/\/www.caime.es\/wp-content\/uploads\/2025\/06\/Sin-titulo-1-e1751296506575.png\",\"width\":1110,\"height\":1172},{\"@type\":\"WebPage\",\"@id\":\"http:\/\/www.caime.es\/index.php\/quienes-somos\/#webpage\",\"url\":\"http:\/\/www.caime.es\/index.php\/quienes-somos\/\",\"name\":\"\\u00bfQui\\u00e9nes somos? - CAIME\",\"isPartOf\":{\"@id\":\"http:\/\/www.caime.es\/#website\"},\"primaryImageOfPage\":{\"@id\":\"http:\/\/www.caime.es\/index.php\/quienes-somos\/#primaryimage\"},\"datePublished\":\"2025-06-30T15:15:56+00:00\",\"dateModified\":\"2025-07-23T09:21:40+00:00\",\"inLanguage\":\"en-US\",\"potentialAction\":[{\"@type\":\"ReadAction\",\"target\":[\"http:\/\/www.caime.es\/index.php\/quienes-somos\/\"]}]}]}<\/script>\n<!-- \/ Yoast SEO plugin. -->","_links":{"self":[{"href":"http:\/\/www.caime.es\/index.php\/wp-json\/wp\/v2\/pages\/632","targetHints":{"allow":["GET"]}}],"collection":[{"href":"http:\/\/www.caime.es\/index.php\/wp-json\/wp\/v2\/pages"}],"about":[{"href":"http:\/\/www.caime.es\/index.php\/wp-json\/wp\/v2\/types\/page"}],"author":[{"embeddable":true,"href":"http:\/\/www.caime.es\/index.php\/wp-json\/wp\/v2\/users\/1"}],"replies":[{"embeddable":true,"href":"http:\/\/www.caime.es\/index.php\/wp-json\/wp\/v2\/comments?post=632"}],"version-history":[{"count":6,"href":"http:\/\/www.caime.es\/index.php\/wp-json\/wp\/v2\/pages\/632\/revisions"}],"predecessor-version":[{"id":660,"href":"http:\/\/www.caime.es\/index.php\/wp-json\/wp\/v2\/pages\/632\/revisions\/660"}],"wp:attachment":[{"href":"http:\/\/www.caime.es\/index.php\/wp-json\/wp\/v2\/media?parent=632"}],"curies":[{"name":"wp","href":"https:\/\/api.w.org\/{rel}","templated":true}]}}